{"id":952,"date":"2021-10-27T11:20:27","date_gmt":"2021-10-27T11:20:27","guid":{"rendered":"https:\/\/veracflats.com\/ubicacion\/"},"modified":"2021-11-09T21:56:18","modified_gmt":"2021-11-09T21:56:18","slug":"ubicacion","status":"publish","type":"page","link":"https:\/\/veracflats.com\/es\/ubicacion\/","title":{"rendered":"Ubicaci\u00f3n"},"content":{"rendered":"","protected":false},"excerpt":{"rendered":"","protected":false},"author":1,"featured_media":0,"parent":0,"menu_order":0,"comment_status":"closed","ping_status":"closed","template":"template-location.php","meta":{"_acf_changed":false,"inline_featured_image":false,"footnotes":""},"acf":[],"yoast_head":"<!-- This site is optimized with the Yoast SEO plugin v23.3 - https:\/\/yoast.com\/wordpress\/plugins\/seo\/ -->\n<title>Pisos de negocios | Aeropuerto de Bruselas y Zaventem | Verac Flats<\/title>\n<meta name=\"description\" content=\"Compruebe la ubicaci\u00f3n de nuestros pisos de negocios aqu\u00ed. Verac Flats est\u00e1 a poca distancia del aeropuerto de Bruselas y cerca de Zavemtem. Reserve online o p\u00f3ngase en contacto con nosotros hoy mismo.\" \/>\n<meta name=\"robots\" content=\"index, follow, max-snippet:-1, max-image-preview:large, max-video-preview:-1\" \/>\n<link rel=\"canonical\" href=\"https:\/\/veracflats.com\/location\/\" \/>\n<meta property=\"og:locale\" content=\"es_ES\" \/>\n<meta property=\"og:type\" content=\"article\" \/>\n<meta property=\"og:title\" content=\"Pisos de negocios | Aeropuerto de Bruselas y Zaventem | Verac Flats\" \/>\n<meta property=\"og:description\" content=\"Compruebe la ubicaci\u00f3n de nuestros pisos de negocios aqu\u00ed. Verac Flats est\u00e1 a poca distancia del aeropuerto de Bruselas y cerca de Zavemtem. Reserve online o p\u00f3ngase en contacto con nosotros hoy mismo.\" \/>\n<meta property=\"og:url\" content=\"https:\/\/veracflats.com\/location\/\" \/>\n<meta property=\"og:site_name\" content=\"Verac Flats\" \/>\n<meta property=\"article:modified_time\" content=\"2021-11-09T21:56:18+00:00\" \/>\n<meta name=\"twitter:card\" content=\"summary_large_image\" \/>\n<script type=\"application\/ld+json\" class=\"yoast-schema-graph\">{\"@context\":\"https:\/\/schema.org\",\"@graph\":[{\"@type\":\"WebPage\",\"@id\":\"https:\/\/veracflats.com\/location\/\",\"url\":\"https:\/\/veracflats.com\/location\/\",\"name\":\"Pisos de negocios | Aeropuerto de Bruselas y Zaventem | Verac Flats\",\"isPartOf\":{\"@id\":\"https:\/\/veracflats.com\/#website\"},\"datePublished\":\"2021-10-27T11:20:27+00:00\",\"dateModified\":\"2021-11-09T21:56:18+00:00\",\"description\":\"Compruebe la ubicaci\u00f3n de nuestros pisos de negocios aqu\u00ed. Verac Flats est\u00e1 a poca distancia del aeropuerto de Bruselas y cerca de Zavemtem. Reserve online o p\u00f3ngase en contacto con nosotros hoy mismo.\",\"breadcrumb\":{\"@id\":\"https:\/\/veracflats.com\/location\/#breadcrumb\"},\"inLanguage\":\"es\",\"potentialAction\":[{\"@type\":\"ReadAction\",\"target\":[\"https:\/\/veracflats.com\/location\/\"]}]},{\"@type\":\"BreadcrumbList\",\"@id\":\"https:\/\/veracflats.com\/location\/#breadcrumb\",\"itemListElement\":[{\"@type\":\"ListItem\",\"position\":1,\"name\":\"Home\",\"item\":\"https:\/\/veracflats.com\/\"},{\"@type\":\"ListItem\",\"position\":2,\"name\":\"Ubicaci\u00f3n\"}]},{\"@type\":\"WebSite\",\"@id\":\"https:\/\/veracflats.com\/#website\",\"url\":\"https:\/\/veracflats.com\/\",\"name\":\"Verac Flats\",\"description\":\"Business flats close to Brussels Airport\",\"potentialAction\":[{\"@type\":\"SearchAction\",\"target\":{\"@type\":\"EntryPoint\",\"urlTemplate\":\"https:\/\/veracflats.com\/?s={search_term_string}\"},\"query-input\":\"required name=search_term_string\"}],\"inLanguage\":\"es\"}]}<\/script>\n<!-- \/ Yoast SEO plugin. -->","yoast_head_json":{"title":"Pisos de negocios | Aeropuerto de Bruselas y Zaventem | Verac Flats","description":"Compruebe la ubicaci\u00f3n de nuestros pisos de negocios aqu\u00ed. Verac Flats est\u00e1 a poca distancia del aeropuerto de Bruselas y cerca de Zavemtem. Reserve online o p\u00f3ngase en contacto con nosotros hoy mismo.","robots":{"index":"index","follow":"follow","max-snippet":"max-snippet:-1","max-image-preview":"max-image-preview:large","max-video-preview":"max-video-preview:-1"},"canonical":"https:\/\/veracflats.com\/location\/","og_locale":"es_ES","og_type":"article","og_title":"Pisos de negocios | Aeropuerto de Bruselas y Zaventem | Verac Flats","og_description":"Compruebe la ubicaci\u00f3n de nuestros pisos de negocios aqu\u00ed. Verac Flats est\u00e1 a poca distancia del aeropuerto de Bruselas y cerca de Zavemtem. Reserve online o p\u00f3ngase en contacto con nosotros hoy mismo.","og_url":"https:\/\/veracflats.com\/location\/","og_site_name":"Verac Flats","article_modified_time":"2021-11-09T21:56:18+00:00","twitter_card":"summary_large_image","schema":{"@context":"https:\/\/schema.org","@graph":[{"@type":"WebPage","@id":"https:\/\/veracflats.com\/location\/","url":"https:\/\/veracflats.com\/location\/","name":"Pisos de negocios | Aeropuerto de Bruselas y Zaventem | Verac Flats","isPartOf":{"@id":"https:\/\/veracflats.com\/#website"},"datePublished":"2021-10-27T11:20:27+00:00","dateModified":"2021-11-09T21:56:18+00:00","description":"Compruebe la ubicaci\u00f3n de nuestros pisos de negocios aqu\u00ed. Verac Flats est\u00e1 a poca distancia del aeropuerto de Bruselas y cerca de Zavemtem. Reserve online o p\u00f3ngase en contacto con nosotros hoy mismo.","breadcrumb":{"@id":"https:\/\/veracflats.com\/location\/#breadcrumb"},"inLanguage":"es","potentialAction":[{"@type":"ReadAction","target":["https:\/\/veracflats.com\/location\/"]}]},{"@type":"BreadcrumbList","@id":"https:\/\/veracflats.com\/location\/#breadcrumb","itemListElement":[{"@type":"ListItem","position":1,"name":"Home","item":"https:\/\/veracflats.com\/"},{"@type":"ListItem","position":2,"name":"Ubicaci\u00f3n"}]},{"@type":"WebSite","@id":"https:\/\/veracflats.com\/#website","url":"https:\/\/veracflats.com\/","name":"Verac Flats","description":"Business flats close to Brussels Airport","potentialAction":[{"@type":"SearchAction","target":{"@type":"EntryPoint","urlTemplate":"https:\/\/veracflats.com\/?s={search_term_string}"},"query-input":"required name=search_term_string"}],"inLanguage":"es"}]}},"_links":{"self":[{"href":"https:\/\/veracflats.com\/es\/wp-json\/wp\/v2\/pages\/952"}],"collection":[{"href":"https:\/\/veracflats.com\/es\/wp-json\/wp\/v2\/pages"}],"about":[{"href":"https:\/\/veracflats.com\/es\/wp-json\/wp\/v2\/types\/page"}],"author":[{"embeddable":true,"href":"https:\/\/veracflats.com\/es\/wp-json\/wp\/v2\/users\/1"}],"replies":[{"embeddable":true,"href":"https:\/\/veracflats.com\/es\/wp-json\/wp\/v2\/comments?post=952"}],"version-history":[{"count":1,"href":"https:\/\/veracflats.com\/es\/wp-json\/wp\/v2\/pages\/952\/revisions"}],"predecessor-version":[{"id":1309,"href":"https:\/\/veracflats.com\/es\/wp-json\/wp\/v2\/pages\/952\/revisions\/1309"}],"wp:attachment":[{"href":"https:\/\/veracflats.com\/es\/wp-json\/wp\/v2\/media?parent=952"}],"curies":[{"name":"wp","href":"https:\/\/api.w.org\/{rel}","templated":true}]}}

Ubicación

<!-- This site is optimized with the Yoast SEO plugin v23.3 - https://yoast.com/wordpress/plugins/seo/ -->
<title>Pisos de negocios | Aeropuerto de Bruselas y Zaventem | Verac Flats</title>
<meta name="description" content="Compruebe la ubicación de nuestros pisos de negocios aquí. Verac Flats está a poca distancia del aeropuerto de Bruselas y cerca de Zavemtem. Reserve online o póngase en contacto con nosotros hoy mismo." />
<meta name="robots" content="index, follow, max-snippet:-1, max-image-preview:large, max-video-preview:-1" />
<link rel="canonical" href="https://veracflats.com/location/" />
<meta property="og:locale" content="es_ES" />
<meta property="og:type" content="article" />
<meta property="og:title" content="Pisos de negocios | Aeropuerto de Bruselas y Zaventem | Verac Flats" />
<meta property="og:description" content="Compruebe la ubicación de nuestros pisos de negocios aquí. Verac Flats está a poca distancia del aeropuerto de Bruselas y cerca de Zavemtem. Reserve online o póngase en contacto con nosotros hoy mismo." />
<meta property="og:url" content="https://veracflats.com/location/" />
<meta property="og:site_name" content="Verac Flats" />
<meta property="article:modified_time" content="2021-11-09T21:56:18+00:00" />
<meta name="twitter:card" content="summary_large_image" />
<script type="application/ld+json" class="yoast-schema-graph">{"@context":"https://schema.org","@graph":[{"@type":"WebPage","@id":"https://veracflats.com/location/","url":"https://veracflats.com/location/","name":"Pisos de negocios | Aeropuerto de Bruselas y Zaventem | Verac Flats","isPartOf":{"@id":"https://veracflats.com/#website"},"datePublished":"2021-10-27T11:20:27+00:00","dateModified":"2021-11-09T21:56:18+00:00","description":"Compruebe la ubicación de nuestros pisos de negocios aquí. Verac Flats está a poca distancia del aeropuerto de Bruselas y cerca de Zavemtem. Reserve online o póngase en contacto con nosotros hoy mismo.","breadcrumb":{"@id":"https://veracflats.com/location/#breadcrumb"},"inLanguage":"es","potentialAction":[{"@type":"ReadAction","target":["https://veracflats.com/location/"]}]},{"@type":"BreadcrumbList","@id":"https://veracflats.com/location/#breadcrumb","itemListElement":[{"@type":"ListItem","position":1,"name":"Home","item":"https://veracflats.com/"},{"@type":"ListItem","position":2,"name":"Ubicación"}]},{"@type":"WebSite","@id":"https://veracflats.com/#website","url":"https://veracflats.com/","name":"Verac Flats","description":"Business flats close to Brussels Airport","potentialAction":[{"@type":"SearchAction","target":{"@type":"EntryPoint","urlTemplate":"https://veracflats.com/?s={search_term_string}"},"query-input":"required name=search_term_string"}],"inLanguage":"es"}]}</script>
<!-- / Yoast SEO plugin. -->

Compruebe la ubicación de nuestros pisos de negocios aquí. Verac Flats está a poca distancia del aeropuerto de Bruselas y cerca de Zavemtem. Reserve online o póngase en contacto con nosotros hoy mismo.
